e
Does 3868 divide 55334415?
False
Is 1248 a factor of 288763931?
False
Does 118 divide 331846638?
False
Is 14660822 a multiple of 11?
True
Does 110 divide 196466710?
True
Does 10 divide 2599910?
True
Is 7 a factor of 17613034?
False
Is 336 a factor of 120127999?
False
Does 26 divide 156424398?
True
Is 388 a factor of 146906112?
True
Is 22 a factor of 75748266?
True
Is 9578761 a multiple of 64?
False
Is 9 a factor of 188863991?
False
Is 1588627182 a multiple of 40?
False
Is 20 a factor of 7432365520?
True
Does 63 divide 585867303?
True
Is 62 a factor of 1216417680?
True
Does 177 divide 1092749679?
True
Is 9 a factor of 350965306?
False
Is 13 a factor of 323093811?
False
Is 370253364 a multiple of 13?
True
Does 320 divide 23117440?
True
Does 148 divide 545863664?
True
Does 41 divide 3095582?
True
Does 5 divide 6895381?
False
Is 240 a factor of 360048960?
True
Does 1388 divide 67358251?
False
Is 890414858 a multiple of 67?
True
Does 9 divide 36008082?
True
Is 50446289 a multiple of 8?
False
Does 21 divide 6507008?
False
Is 27287706 a multiple of 58?
False
Is 74646 a multiple of 82?
False
Does 1338 divide 27400782?
False
Is 80 a factor of 937909440?
True
Is 35702443 a multiple of 8?
False
Is 892 a factor of 28119975?
False
Is 10 a factor of 256730?
True
Is 5127453 a multiple of 2?
False
Does 350 divide 108940650?
True
Is 21623632 a multiple of 2168?
True
Is 98 a factor of 517916014?
False
Does 316 divide 26774274?
False
Is 177 a factor of 2828249?
False
Is 123689543 a multiple of 4363?
False
Is 950656 a multiple of 112?
True
Does 16 divide 1465696?
True
Is 13667500 a multiple of 100?
True
Is 4577634 a multiple of 54?
True
Is 1483220691 a multiple of 9?
True
Is 2420365806 a multiple of 57?
True
Is 6840879 a multiple of 53?
False
Does 233 divide 82584986?
True
Is 41013000 a multiple of 651?
True
Is 13 a factor of 69438440?
False
Is 22 a factor of 69193609?
False
Does 1194 divide 359378485?
False
Is 330 a factor of 210184575?
False
Is 262905720 a multiple of 20?
True
Is 254286206 a multiple of 7?
False
Does 214 divide 1062870796?
False
Does 141 divide 9827982?
True
Is 7448 a factor of 1174978551?
False
Is 1141457224 a multiple of 179?
True
Does 40 divide 23391431?
False
Does 22 divide 96720360?
True
Is 20585075 a multiple of 47?
False
Is 14 a factor of 233204622?
True
Does 68 divide 10184428?
True
Is 15 a factor of 126911217?
False
Does 65 divide 907805?
False
Is 53697249 a multiple of 1863?
True
Is 336564973 a multiple of 10?
False
Is 85 a factor of 675722416?
False
Is 206590662 a multiple of 846?
True
Is 259 a factor of 959036?
False
Is 41 a factor of 27096928?
False
Is 178956216 a multiple of 3132?
True
Does 3 divide 268656181?
False
Does 407 divide 813375255?
True
Is 222 a factor of 77116362?
True
Is 338473464 a multiple of 42?
True
Does 93 divide 161921712?
False
Does 292 divide 1075290584?
True
Does 215 divide 8268114?
False
Is 171940728 a multiple of 210?
False
Does 14 divide 7712829?
False
Is 71 a factor of 21233899?
True
Is 2047998750 a multiple of 869?
False
Is 165445156 a multiple of 17?
True
Is 942919 a multiple of 38?
False
Is 124 a factor of 11306337?
False
Does 19 divide 640302983?
True
Is 504300896 a multiple of 44?
True
Is 1377562455 a multiple of 467?
False
Does 3368 divide 40935325?
False
Is 13 a factor of 3313620?
False
Is 59745344 a multiple of 136?
True
Is 944637525 a multiple of 3237?
True
Is 4 a factor of 38648396?
True
Does 11 divide 69477706?
False
Is 774507095 a multiple of 3973?
False
Is 586145976 a multiple of 156?
True
Is 224387143 a multiple of 16?
False
Does 64 divide 14634120?
False
Is 21 a factor of 11168509?
False
Is 64 a factor of 176967321?
False
Is 4760 a factor of 264261466?
False
Is 156 a factor of 775045?
False
Is 82 a factor of 69198145?
False
Is 34417232 a multiple of 6?
False
Is 20 a factor of 3829560?
True
Does 1031 divide 330644999?
False
Does 93 divide 8542011?
False
Is 200 a factor of 54437612?
False
Is 37 a factor of 426914945?
False
Is 457 a factor of 373267978?
False
Does 444 divide 27643773?
False
Does 25 divide 1312325?
True
Is 5 a factor of 32044961?
False
Does 62 divide 52359806?
True
Is 39282396 a multiple of 6?
True
Is 187 a factor of 26078480?
False
Is 2 a factor of 8887409?
False
Is 12 a factor of 205314876?
True
Is 997974744 a multiple of 338?
True
Is 676 a factor of 151817432?
True
Is 1841840 a multiple of 9?
False
Is 5145240 a multiple of 12?
True
Does 2088 divide 455386536?
True
Is 36 a factor of 3349404?
True
Does 247 divide 7324291?
True
Is 52494855 a multiple of 345?
True
Is 63 a factor of 1843097823?
True
Is 3 a factor of 2097113?
False
Does 1192 divide 414210464?
True
Is 465172848 a multiple of 504?
True
Is 1620936 a multiple of 47?
True
Is 1125212570 a multiple of 45?
False
Is 61598628 a multiple of 125?
False
Is 374814269 a multiple of 1823?
True
Is 344855940 a multiple of 2860?
True
Does 117 divide 1373983650?
True
Does 371 divide 13515159?
True
Does 23 divide 224950715?
False
Is 287 a factor of 36633491?
False
Is 36 a factor of 699149268?
True
Does 13 divide 4371781046?
False
Does 3569 divide 444069256?
True
Does 17 divide 1409812?
False
Is 49206319 a multiple of 124?
False
Does 110 divide 1208465023?
False
Does 65 divide 111853625?
True
Does 56 divide 134843295?
False
Is 262 a factor of 486465880?
True
Is 14121 a factor of 4528017509?
False
Does 877 divide 31097476?
False
Is 48409338 a multiple of 6?
True
Is 45 a factor of 134705970?
True
Does 14 divide 61145280?
True
Is 10708266 a multiple of 17?
True
Is 24 a factor of 101347640?
False
Is 252397674 a multiple of 277?
False
Is 11 a factor of 1668596039?
True
Does 90 divide 520399?
False
Does 393 divide 1194783369?
False
Does 13 divide 57952050?
True
Does 1214 divide 229467911?
False
Is 8720067105 a multiple of 15?
True
Does 18 divide 3849876?
True
Is 65 a factor of 31490745?
True
Is 1129 a factor of 79082992?
False
Is 29 a factor of 3622033?
False
Does 1333 divide 1352687077?
True
Is 10902185 a multiple of 9?
False
Does 20 divide 204898915?
False
Is 99 a factor of 800910?
True
Is 136 a factor of 7833328?
True
Does 9 divide 405099216?
True
Is 176 a factor of 64399114?
False
Is 13 a factor of 1288199042?
True
Does 40 divide 52698600?
True
Does 257 divide 1960895350?
False
Does 2070 divide 9662760?
True
Does 19 divide 4775213121?
False
Is 103314964 a multiple of 2650?
False
Is 4649741522 a multiple of 491?
True
Is 18 a factor of 399504459?
False
Is 41217602 a multiple of 26?
False
Is 21 a factor of 1049139?
True
Is 3 a factor of 4657044?
True
Is 1118003928 a multiple of 358?
True
Is 215315372 a multiple of 29?
True
Does 297 divide 627208164?
True
Is 70 a factor of 31831380?
True
Is 208 a factor of 250080593?
False
Does 301 divide 226677682?
True
Is 954 a factor of 59212872?
True
Is 1563 a factor of 110146651?
False
Does 62 divide 168493466?
False
Is 41 a factor of 161199182?
False
Is 25 a factor of 6833563775?
True
Is 2167 a factor of 52319740?
False
Is 422 a factor of 644342094?
True
Does 23 divide 44837242?
False
Is 78 a factor of 14985126?
True
Is 918 a factor of 91555812?
True
Is 30207100 a multiple of 11?
True
Is 66826440 a multiple of 333?
True
Is 18012100 a multiple of 50?
True
Is 897325201 a multiple of 151?
True
Is 46162896 a multiple of 1828?
False
Is 325 a factor of 2559238858?
False
Does 137 divide 31444377?
True
Is 90 a factor of 193956210?
True
Is 20211108 a multiple of 12?
True
Is 293836928 a multiple of 1078?
True
Is 388 a factor of 31446385?
False
Does 11 divide 869258598?
False
Is 40694580 a multiple of 38?
True
Is 176 a factor of 1131539376?
True
Is 161117720 a multiple of 38?
True
Is 515268216 a multiple of 216?
True
Is 595018500 a multiple of 375?
True
Is 750547 a multiple of 179?
True
Does 4342 divide 2320714634?
False
Does 2406 divide 783503714?
False
Is 13 a factor of 70850416?
True
Is 159 a factor of 644939616?
True
Is 66389039 a multiple of 12?
False
Does 156 divide 26657280?
True
Is 12615748 a multiple of 4776?
False
Does 54 divide 936400878?
True
Is 47966532 a multiple of 13?
False
Is 68 a factor of 40617802?
False
Is 43161915 a multiple of 69?
True
Is 32 a factor of 206760932?
False
Does 778 divide 14284080?
True
Is 73688304 a multiple of 3308?
False
Does 377 divide 35982347?
False
Is 26881091 a m